422342 + 13?
404422410
In base 4, what is -1021122011 - 1112?
-1021123123
In base 5, what is -111 - 4004044?
-4004210
In base 14, what is 1b + -a2919?
-a28dc
In base 5, what is -1234341 + 20041?
-1214300
In base 2, what is -1010 - 100000111100000001001000?
-100000111100000001010010
In base 16, what is -1a4b6 + ac?
-1a40a
In base 12, what is 1 - 225498?
-225497
In base 5, what is 4 - -44103041?
44103100
In base 5, what is -121 - -240143134?
240143013
In base 6, what is -34 + -425405211?
-425405245
In base 14, what is -182a22 - da?
-182b1c
In base 6, what is -513525 - -34340?
-435145
In base 16, what is -200 - -2bd93?
2bb93
In base 7, what is -6305 + -10465?
-20103
In base 12, what is 2702 + -226b?
453
In base 16, what is -2a3859 + 4?
-2a3855
In base 4, what is -200232231322 - 12?
-200232232000
In base 3, what is 11 - 222220022011110022?
-222220022011110011
In base 10, what is 75562 - 949?
74613
In base 5, what is -30334 + 2111004?
2030120
In base 10, what is -1 + -1000655?
-1000656
In base 8, what is -157061 + -723?
-160004
In base 14, what is -4c + 654b18?
654aaa
In base 7, what is 3 - -2061024?
2061030
In base 6, what is 3 + -34034234?
-34034231
In base 6, what is -1452104505 - -42?
-1452104423
In base 14, what is -4 + 306507?
306503
In base 8, what is -405075617 + -5?
-405075624
In base 7, what is -123 - 34356462?
-34356615
In base 14, what is -ca - c9254d?
-c92639
In base 10, what is 4 - -3845142?
3845146
In base 8, what is -70062175 + 33?
-70062142
In base 11, what is a7 + 1164666?
1164762
In base 14, what is 6 + 340d179?
340d181
In base 15, what is -1871513 + -3?
-1871516
In base 4, what is -11023123320 - -10?
-11023123310
In base 10, what is 3 - 35382824?
-35382821
In base 10, what is 5 - 15970347?
-15970342
In base 10, what is -445489 - 51?
-445540
In base 8, what is -15101 + -115523?
-132624
In base 16, what is -13aea8c + -5?
-13aea91
In base 3, what is -1100201000210 - 10?
-1100201000220
In base 12, what is 8 - -11b2b754?
11b2b760
In base 9, what is 1 + 1507511?
1507512
In base 11, what is 22507266 + 3?
22507269
In base 15, what is 789dd + d?
789eb
In base 4, what is -2120232 - 12333102?
-21120000
In base 16, what is 2a6a - 1332c?
-108c2
In base 16, what is f5b70 - 2?
f5b6e
In base 4, what is -2 - -3031113133?
3031113131
In base 14, what is 3ba7 - 1291?
2916
In base 8, what is -73 - -1344746?
1344653
In base 9, what is 2186878 - 16?
2186862
In base 15, what is bc8dd2 - -7?
bc8dd9
In base 12, what is -52b6397 + -5?
-52b63a0
In base 2, what is -10100101001111 - 10010101011011101?
-10101010000101100
In base 3, what is 12112021111222 - 201?
12112021111021
In base 5, what is -23 - 4124241134?
-4124241212
In base 9, what is -5 + -2725742?
-2725747
In base 8, what is -521570 - -240?
-521330
In base 3, what is 12 - 1000121100021211?
-1000121100021122
In base 12, what is -35 - 818742?
-818777
In base 2, what is -1011000010111101 - 1000101101?
-1011001011101010
In base 5, what is -3004 - 10001242?
-10004301
In base 14, what is 265d52 - -1d?
265d71
In base 4, what is -3323 - -110121120?
110111131
In base 15, what is 14938 + ea?
14a33
In base 16, what is -55ad34 + -1?
-55ad35
In base 10, what is -1662 + -3551?
-5213
In base 8, what is 230635262 + -1?
230635261
In base 5, what is 42322 + -30423?
11344
In base 3, what is 210020220 + -1022111?
201221102
In base 14, what is -5 + 5814a?
58145
In base 14, what is -263476 - 19?
-263491
In base 3, what is 102120100212211 + 20?
102120100220001
In base 6, what is -555 + 1554123?
1553124
In base 15, what is 4 - -9ce0b6e?
9ce0b73
In base 10, what is 2034 - -6966?
9000
In base 15, what is 1756 - -12c4?
2a2a
In base 13, what is -617 - -6674?
605a
In base 2, what is 110001010011110001000111010 - 101?
110001010011110001000110101
In base 6, what is 0 + 444534252?
444534252
In base 4, what is 2301211 - 201213?
2033332
In base 9, what is -5 + -11147?
-11153
In base 16, what is -9d8 + -b942?
-c31a
In base 10, what is -2310043 + 1?
-2310042
In base 15, what is -c5 + 1db0c?
1da37
In base 14, what is -701 - -28520?
27c1d
In base 11, what is -6418 - 7a?
-6497
In base 10, what is 754249 + -2?
754247
In base 2, what is 10000100001 - -1101000001101011?
1101010010001100
In base 4, what is -123 - -132232100323?
132232100200
In base 2, what is 11000011010000100111 - 1101011?
11000011001110111100
In base 9, what is -336082 + 1232?
-334750
In base 2, what is 10000011111111 + -11110011?
10000000001100
In base 12, what is -21a - -593?
375
In base 9, what is -13742 + 3382?
-10350
In base 6, what is 431003 - -101?
431104
In base 3, what is 1020111212112 - -101011?
1020112020200
In base 16, what is -560946 + -a?
-560950
In base 15, what is 2789be0 + -b?
2789bd4
In base 14, what is 1b - -8aa012?
8aa02d
In base 13, what is -1936b0 + 2?
-1936ab
In base 15, what is 12c6302 - -21?
12c6323
In base 4, what is 2011132023030 + -2?
2011132023022
In base 4, what is 11120210233 + -1301?
11120202332
In base 7, what is -24315 + 101232?
43614
In base 15, what is -2 + -20d61e9?
-20d61eb
In base 6, what is 42 + -213141335?
-213141253
In base 6, what is -324221422 + 2?
-324221420
In base 13, what is -1312c8a6 - -3?
-1312c8a3
In base 11, what is -22212 - -276?
-21a47
In base 10, what is 5 - 1674471?
-1674466
In base 11, what is 5 + 509805?
50980a
In base 2, what is 110111011111010011011111 + -10?
110111011111010011011101
In base 12, what is 0 + b77b0969?
b77b0969
In base 5, what is 1010100 - -23243?
1033343
In base 2, what is -1101100001110011 - 0?
-1101100001110011
In base 8, what is 3600215415 - -3?
3600215420
In base 2, what is -100110110010010 - 1011010111?
-101000001101001
In base 15, what is -1192 + -e9c?
-213e
In base 9, what is 3 + 24015?
24018
In base 13, what is 5 - -7146503?
7146508
In base 10, what is 12 + -11797782?
-11797770
In base 3, what is 101 + 110010001120011?
110010001120112
In base 13, what is 7c - 12c47c9?
-12c474a
In base 9, what is -1 - 61145740?
-61145741
In base 13, what is 2 - -2836471?
2836473
In base 2, what is -101010100011 - 10101111111?
-1000000100010
In base 2, what is 1011010001 - -11000010001110110101?
11000010011010000110
In base 14, what is 604b378b - -1?
604b378c
In base 5, what is 1441 + 10000403?
10002344
In base 9, what is 147006 + 1134?
148141
In base 13, what is -63370 + -17?
-63387
In base 2, what is -110011000001001101111000111 - 1110?
-110011000001001101111010101
In base 16, what is -e80a + 1?
-e809
In base 5, what is 23304322 + -44123?
23210144
In base 6, what is 54155 + 420355?
514554
In base 11, what is -827 - 482182?
-4829a9
In base 15, what is 566da - -165?
56850
In base 9, what is 6775 + 1421?
8306
In base 3, what is -11 - 10001022212012?
-10001022212100
In base 3, what is 2202012001020 + -12?
2202012001001
In base 11, what is 1a475 + -13a0?
19085
In base 16, what is 7 + -105110?
-105109
In base 11, what is 526 + 3051?
3577
In base 9, what is 0 - 510347026?
-510347026
In base 16, what is -32 + -5499?
-54cb
In base 13, what is -a36179c - -3?
-a361799
In base 7, what is 0 - 4120012315?
-4120012315
In base 13, what is -39c767b + -10?
-39c768b
In base 6, what is -4412055 - -143?
-4411512
In base 7, what is 41210505 - 105?
41210400
In base 8, what is 3505112 + -451?
3504441
In base 15, what is dba - -9ea?
18b5
In base 9, what is 108576445 + 4?
108576450
In base 9, what is -48 - -1667451?
1667402
In base 16, what is 39a - -21182?
2151c
In base 2, what is -110 - -1000101001010100011011?
1000101001010100010101
In base 7, what is -1 - 662541?
-662542
In base 9, what is -234105 + 6?
-234088
In base 16, what is 199227 - 9?
19921e
In base 9, what is -4 - -4603500?
4603485
In base 10, what is 14731 - 4693?
10038
In base 14, what is 8749d3 - 11?
8749c2
In base 6, what is 1344552330 - -42?
1344552412
In base 12, what is a81571 + -3?
a8156a
In base 12, what is 9b5a6245 - -5?
9b5a624a
In base 4, what is 30113131 + 10222?
30130013
In base 13, what is 3 + 1c01747?
1c0174a
In base 4, what is -32320321130030 + -11?
-32320321130101
In base 3, what is -2 - 10121202212221212?
-10121202212221221
In base 8, what is 210 - -260100?
260310
In base 2, what is 1000111000 + 1111101100111010?
1111110101110010
In base 13, what is 1 - -14ca142?
14ca143
In base 3, what is 12002002010 - 11112122?
11220112111
In base 9, what is -1 